{"id":12681,"date":"2026-01-20T14:00:52","date_gmt":"2026-01-20T13:00:52","guid":{"rendered":"https:\/\/kastagnette.com\/shop\/?post_type=product&#038;p=12681"},"modified":"2026-02-11T00:46:52","modified_gmt":"2026-02-10T23:46:52","slug":"concert-castanets-carretillas","status":"publish","type":"product","link":"https:\/\/kastagnette.com\/shop\/produkt\/concert-castanets-carretillas\/","title":{"rendered":"NEU: Concert Castanets Carretillas"},"content":{"rendered":"\r\n<h3>NEU: Concert Castanets Carretillas<\/h3>\r\n<p>20 Et\u00fcden f\u00fcr das ausf\u00fchrliche Studium der Carretillas zu Musik von Chopin, Couperin, Beethoven, Burgm\u00fcller, Gillock, Ludovic, Rameau, Satie, Schubert, Schumann and Tschaikowsky &#8211;\u00a0Niveau ab Anf\u00e4nger mit Vorkenntnissen bis zu virtuosen Kastagnettenspielern<\/p>\r\n<p>Aus der ausf\u00fchrlichen Einleitung:<\/p>\r\n<p style=\"padding-left: 40px\"><em><b>Dieser Band ist den Carretillas gewidmet.<\/b> In 20 Et\u00fcden k\u00f6nnen die verschiedenen rhythmischen Formen der Carretillas gr\u00fcndlich studiert und vertieft werden. Zu den verschiedenen rhythmischen Varianten gibt es je ein St\u00fcck f\u00fcr die Carretillas der rechten und der linken Hand, sowie St\u00fccke mit Carretillas in beiden H\u00e4nden, manchmal auch Kombinationen der rhythmischen Varianten. Ausnahmen sind die 1\/2 Carretilla und der Triller.<\/em><\/p>\r\n<p style=\"padding-left: 40px\"><em>Ich empfehle, sehr langsam zu beginnen und das Tempo nur in kleinen Schritten zu steigern. Wenn Sie Musikaufnahmen verwenden, ist es ratsam, das Tempo mit Hilfe spezieller Anwendungen, die im Internet erh\u00e4ltlich sind, zu verlangsamen Die folgenden Tipps k\u00f6nnen beim Erlernen der Kastagnetten hilfreich sein.<\/em><br \/><em>&#8230;<\/em><br \/><em>&#8230;<\/em><br \/><em>&#8230;<\/em><\/p>\r\n<p>F\u00fcr die Begleitmusik finden Sie eine Playlist in meinem<a href=\"https:\/\/www.youtube.com\/@amparodetriana\" target=\"_blank\" rel=\"noopener\"> YouTube Account.<\/a><\/p>\r\n<p>1. Auflage als E-Book. \u00dcbersetzung der englischen Texte ins Spanische und Deutsche auf Anfrage erh\u00e4ltlich.<strong><br \/><\/strong><\/p>\r\n<p>Auf Anfrage per <em><a href=\"https:\/\/kastagnette.com\/shop\/contact\/\" target=\"_blank\" rel=\"noopener\">E-Mail<\/a><\/em> k\u00f6nnen Sie zu Ihrem autorisierten E-Book einen ebenso autorisierten Ausdruck als Loseblattsammlung bestellen. Die zus\u00e4tzlichen Kosten werden anhand der Seitenanzahl berechnet und liegen f\u00fcr diesen Band bei 3,00 \u20ac zzgl. Versandkosten, wie in unseren AGB festgelegt.<\/p>\r\n<p><em>F\u00fcr die Autorisierung des E-Books bitte Namen und Vornamen angeben. Bitte beachten Sie bei der Bestellung, dass E-Books aus urheberrechtlichen Gr\u00fcnden nicht ausgedruckt werden k\u00f6nnen und sie d\u00fcrfen auch nicht kopiert werden. Ebenso ist das Kopieren oder die anderweitige Vervielf\u00e4ltigung des Ausdrucks als Loseblattsammlung nicht gestattet.<\/em><\/p>\r\n<p>Die Partituren meiner zahlreichen Notenb\u00e4nde k\u00f6nnen \u2013 mit wenigen Ausnahmen \u2013 auch einzeln als PDF bestellt werden. Eine <a href=\"https:\/\/kastagnette.com\/shop\/wp-content\/uploads\/sites\/6\/2025\/07\/Titelliste_CC_CA.pdf\" target=\"_blank\" rel=\"noopener\"><em>L<\/em><em>iste der <\/em><em>Partituren dieses Notenbandes <\/em><\/a>mit den jeweiligen Preisen finden Sie hier. Wenn Sie Interesse haben, schicken sie uns einfach <a href=\"https:\/\/kastagnette.com\/shop\/contact\/\" target=\"_blank\" rel=\"noopener\">eine E-Mail<\/a> mit der Angabe, welcher Titel aus diesem Notenband Sie interessiert.<\/p>\r\n","protected":false},"excerpt":{"rendered":"<p>Et\u00fcden f\u00fcr die vielf\u00e4ltigen Carretillaformen &#8211; Niveau ab Anf\u00e4nger mit Vorkenntnissen bis zu virtuosen Kastagnettenspielern<\/p>\n<p>29 Seiten<\/p>\n<p> <a class=\"more-link\" href=\"https:\/\/kastagnette.com\/shop\/produkt\/concert-castanets-carretillas\/\">Weiterlesen<\/a><\/p>","protected":false},"featured_media":12700,"comment_status":"closed","ping_status":"closed","template":"","meta":[],"product_brand":[],"product_cat":[23,17],"product_tag":[24,19,20],"class_list":{"0":"post-12681","1":"product","2":"type-product","3":"status-publish","4":"has-post-thumbnail","6":"product_cat-e-book","7":"product_cat-noten","8":"product_tag-ebook","9":"product_tag-kastagnettennoten","10":"product_tag-noten","11":"pa_noten-ebook","13":"first","14":"instock","15":"virtual","16":"sold-individually","17":"purchasable","18":"product-type-simple"},"aioseo_notices":[],"_links":{"self":[{"href":"https:\/\/kastagnette.com\/shop\/wp-json\/wp\/v2\/product\/12681","targetHints":{"allow":["GET"]}}],"collection":[{"href":"https:\/\/kastagnette.com\/shop\/wp-json\/wp\/v2\/product"}],"about":[{"href":"https:\/\/kastagnette.com\/shop\/wp-json\/wp\/v2\/types\/product"}],"replies":[{"embeddable":true,"href":"https:\/\/kastagnette.com\/shop\/wp-json\/wp\/v2\/comments?post=12681"}],"wp:featuredmedia":[{"embeddable":true,"href":"https:\/\/kastagnette.com\/shop\/wp-json\/wp\/v2\/media\/12700"}],"wp:attachment":[{"href":"https:\/\/kastagnette.com\/shop\/wp-json\/wp\/v2\/media?parent=12681"}],"wp:term":[{"taxonomy":"product_brand","embeddable":true,"href":"https:\/\/kastagnette.com\/shop\/wp-json\/wp\/v2\/product_brand?post=12681"},{"taxonomy":"product_cat","embeddable":true,"href":"https:\/\/kastagnette.com\/shop\/wp-json\/wp\/v2\/product_cat?post=12681"},{"taxonomy":"product_tag","embeddable":true,"href":"https:\/\/kastagnette.com\/shop\/wp-json\/wp\/v2\/product_tag?post=12681"}],"curies":[{"name":"wp","href":"https:\/\/api.w.org\/{rel}","templated":true}]}}