{"id":12909,"date":"2026-01-18T20:38:01","date_gmt":"2026-01-18T19:38:01","guid":{"rendered":"https:\/\/kastagnette.com\/shop\/?post_type=product&#038;p=12909"},"modified":"2026-02-11T00:44:14","modified_gmt":"2026-02-10T23:44:14","slug":"bundle-concert-castanets-amv","status":"publish","type":"product","link":"https:\/\/kastagnette.com\/shop\/produkt\/bundle-concert-castanets-amv\/","title":{"rendered":"Bundle: Concert Castanets AmV"},"content":{"rendered":"<h1>Bundle f\u00fcr Anf\u00e4nger mit Vorkenntnissen<\/h1>\r\n<h3>Concert Castanets II &#8211; E-Book:<\/h3>\r\n<p><em><!-- \/wp:post-content -->\r\n\r\n<!-- wp:paragraph --><\/em> 10 Kastagnettenstimmen Solo f\u00fcr Kastagnettenspieler in verschiedenen Niveaus ab Anf\u00e4nger mit guten Vorkenntnissen bis Mittelstufe plus eine zweistimmige Version. <em><!-- \/wp:paragraph -->\r\n\r\n<!-- wp:paragraph {\"align\":\"left\"} --><\/em><\/p>\r\n<p class=\"has-text-align-left\">Hier ein <strong>Auszug aus dem Vorwort<\/strong>: In diesem zweiten Notenband der Reihe Konzertkastagnetten gibt es St\u00fccke von Lully, Purcell, J.S. Bach, Ch. Petzold, H\u00e4ndel, L. Mozart, Beethoven und Burgm\u00fcller f\u00fcr Kastagnettenspieler in verschiedenen Niveaus ab Anf\u00e4nger mit guten Vorkenntnissen. Auch in diesem Heft finden Sie eine zweistimmige Kastagnettenpartitur, es sind die 6 Ecossaisen WoO 83 von Ludwig van Beethoven. Zun\u00e4chst die zwei Einzelstimmen und anschlie\u00dfend die komplette Kastagnettenpartitur.<\/p>\r\n<p class=\"has-text-align-left\">2. Auflage als E-Book (inklusive der vollst\u00e4ndigen Partitur, Kastagnette &amp; Piano)<\/p>\r\n<p>\u00dcbrigens: dieser Notenband ist auch noch in der 1. Auflage als Print in diesem Shop erh\u00e4ltlich, au\u00dferdem gibt es Audioaufnahmen der B\u00e4nde Concert Castanets I &#8211; III.<\/p>\r\n<h3>Concert Castanets V- E-Book:<\/h3>\r\n<p>14 Kastagnettenstimmen Solo f\u00fcr <strong>Anf\u00e4nger mit geringen Vorkenntnissen im Kastagnettenspiel aber guter musikalischer Vorbildung<\/strong> plus eine zweistimmige reine Kastagnettenpartitur von mir.<\/p>\r\n<!-- \/wp:paragraph -->\r\n\r\n<!-- wp:image {\"id\":5994,\"width\":\"247px\",\"height\":\"auto\",\"aspectRatio\":\"0.7072135785007072\",\"sizeSlug\":\"full\",\"linkDestination\":\"none\",\"align\":\"right\",\"className\":\"is-style-default\"} -->\r\n<figure class=\"wp-block-image alignright size-full is-resized is-style-default\"><\/figure>\r\n<!-- \/wp:image -->\r\n\r\n<!-- wp:paragraph -->\r\n<p>Hier ein <strong>Auszug aus dem Vorwort<\/strong>: Dieser f\u00fcnfte Band der Reihe Konzertkastagnetten enth\u00e4lt Kastagnettenpartituren f\u00fcr Kompositionen von C. Sanz, J. S. Bach, L. Mozart, J. Haydn, F. Schubert, F. Chopin, E. Satie, S. Joplin, A. Khachaturian, D. Shostakovich und W. Gillock. Diese Partituren sind <strong>anspruchsvolle Kastagnettenpartituren ohne &#8216;carretillas resbaladas&#8217;<\/strong> f\u00fcr Kastagnettenanf\u00e4nger mit geringen Vorkenntnissen, aber einem guten musikalischen Hintergrund. Au\u00dferdem habe ich f\u00fcr diesen Band eine zweiteilige Kastagnettenpartitur geschrieben, d.h. ein Duett nur f\u00fcr Konzertkastagnetten. Zuerst die komplette Kastagnettenpartitur und dann die beiden Einzelstimmen. Alle St\u00fccke sind musikalisch und rhythmisch anspruchsvoller als St\u00fccke, die man normalerweise f\u00fcr Anf\u00e4nger findet. \u00dcbrigens: dieser Notenband ist auch als Print erh\u00e4ltlich.<\/p>\r\n<h3>Concert Castanets X: Konzertkastagnetten zu Musik von William Gillock &#8211; E-Book:<\/h3>\r\n<p>18 Kastagnettenstimmen &#8211; Niveau ab Anf\u00e4nger mit guten Vorkenntnissen bis Fortgeschrittene<\/p>\r\n<p>Hier ein <strong>Auszug aus dem Vorwort<\/strong>: William L. Gillock (1917-1993) war ein bemerkenswerter Musikp\u00e4dagoge, der mehr als 300 St\u00fccke f\u00fcr Klaviersch\u00fcler vom Anf\u00e4nger bis zum Fortgeschrittenen schrieb. Es sind ausdrucksstarke St\u00fccke mit wundersch\u00f6nen Melodien. Deshalb wird er manchmal auch &#8216;Schubert der Kinderkomponisten&#8217; genannt. Viele seiner St\u00fccke eignen sich hervorragend f\u00fcr das Studium der Konzertkastagnetten. <br \/>Dieser Band ist dem Studium und der Entwicklung der Carretillas mit beiden H\u00e4nden in unterschiedlichen rhythmischen Versionen gewidmet. Es gibt 1\/8 Carretillas, 1\/16 Carretillas, 1\/32 Carretillas, Quintolen mit 1\/8, 1\/16, 1\/32 Noten, fortlaufende Carretillas rechts-links, Triller und das Spiel mit der rechten Hand auf der linken Kastagnette und umgekehrt.<\/p>\r\n<p>F\u00fcr die Begleitmusik finden Sie Playlists in meinem <em><a title=\"\" href=\"https:\/\/www.youtube.com\/@amparodetriana\" target=\"_blank\" rel=\"noopener\">Youtube Account<\/a><\/em>.<\/p>\r\n<p>\u00dcbersetzung der englischen Texte ins Spanische und Deutsche auf Anfrage erh\u00e4ltlich.<\/p>\r\n<p><em>F\u00fcr die Autorisierung der E-Books bitte Namen und Vornamen angeben. Bitte beachten Sie bei der Bestellung, dass E-Books aus urheberrechtlichen Gr\u00fcnden nicht ausgedruckt werden k\u00f6nnen und sie d\u00fcrfen auch nicht kopiert werden.<\/em><\/p>","protected":false},"excerpt":{"rendered":"<p>Bundle: Concert Castanets AmV &#8211; E-Books Concert Castanets II, V und X<\/p>\n<p> <a class=\"more-link\" href=\"https:\/\/kastagnette.com\/shop\/produkt\/bundle-concert-castanets-amv\/\">Weiterlesen<\/a><\/p>","protected":false},"featured_media":12908,"comment_status":"closed","ping_status":"closed","template":"","meta":[],"product_brand":[],"product_cat":[23,17],"product_tag":[80,24,19,20],"class_list":{"0":"post-12909","1":"product","2":"type-product","3":"status-publish","4":"has-post-thumbnail","6":"product_cat-e-book","7":"product_cat-noten","8":"product_tag-aktion","9":"product_tag-ebook","10":"product_tag-kastagnettennoten","11":"product_tag-noten","12":"pa_noten-ebook","14":"first","15":"instock","16":"sale","17":"virtual","18":"sold-individually","19":"purchasable","20":"product-type-simple"},"aioseo_notices":[],"_links":{"self":[{"href":"https:\/\/kastagnette.com\/shop\/wp-json\/wp\/v2\/product\/12909","targetHints":{"allow":["GET"]}}],"collection":[{"href":"https:\/\/kastagnette.com\/shop\/wp-json\/wp\/v2\/product"}],"about":[{"href":"https:\/\/kastagnette.com\/shop\/wp-json\/wp\/v2\/types\/product"}],"replies":[{"embeddable":true,"href":"https:\/\/kastagnette.com\/shop\/wp-json\/wp\/v2\/comments?post=12909"}],"wp:featuredmedia":[{"embeddable":true,"href":"https:\/\/kastagnette.com\/shop\/wp-json\/wp\/v2\/media\/12908"}],"wp:attachment":[{"href":"https:\/\/kastagnette.com\/shop\/wp-json\/wp\/v2\/media?parent=12909"}],"wp:term":[{"taxonomy":"product_brand","embeddable":true,"href":"https:\/\/kastagnette.com\/shop\/wp-json\/wp\/v2\/product_brand?post=12909"},{"taxonomy":"product_cat","embeddable":true,"href":"https:\/\/kastagnette.com\/shop\/wp-json\/wp\/v2\/product_cat?post=12909"},{"taxonomy":"product_tag","embeddable":true,"href":"https:\/\/kastagnette.com\/shop\/wp-json\/wp\/v2\/product_tag?post=12909"}],"curies":[{"name":"wp","href":"https:\/\/api.w.org\/{rel}","templated":true}]}}