{"id":12910,"date":"2026-01-18T21:01:49","date_gmt":"2026-01-18T20:01:49","guid":{"rendered":"https:\/\/kastagnette.com\/shop\/?post_type=product&#038;p=12910"},"modified":"2026-02-11T00:42:51","modified_gmt":"2026-02-10T23:42:51","slug":"bundle-concert-castanets-m","status":"publish","type":"product","link":"https:\/\/kastagnette.com\/shop\/produkt\/bundle-concert-castanets-m\/","title":{"rendered":"Bundle: Concert Castanets M"},"content":{"rendered":"<h1>Bundle f\u00fcr Mittelstufe<\/h1>\r\n<h3>Concert Castanets II &#8211; E-Book:<\/h3>\r\n<p><em><!-- \/wp:post-content -->\r\n\r\n<!-- wp:paragraph --><\/em> 10 Kastagnettenstimmen Solo f\u00fcr Kastagnettenspieler in verschiedenen Niveaus ab Anf\u00e4nger mit guten Vorkenntnissen bis Mittelstufe plus eine zweistimmige Version. <em><!-- \/wp:paragraph -->\r\n\r\n<!-- wp:paragraph {\"align\":\"left\"} --><\/em><\/p>\r\n<p class=\"has-text-align-left\">Hier ein <strong>Auszug aus dem Vorwort<\/strong>: In diesem zweiten Notenband der Reihe Konzertkastagnetten gibt es St\u00fccke von Lully, Purcell, J.S. Bach, Ch. Petzold, H\u00e4ndel, L. Mozart, Beethoven und Burgm\u00fcller f\u00fcr Kastagnettenspieler in verschiedenen Niveaus ab Anf\u00e4nger mit guten Vorkenntnissen. Auch in diesem Heft finden Sie eine zweistimmige Kastagnettenpartitur, es sind die 6 Ecossaisen WoO 83 von Ludwig van Beethoven. Zun\u00e4chst die zwei Einzelstimmen und anschlie\u00dfend die komplette Kastagnettenpartitur.<\/p>\r\n<p class=\"has-text-align-left\">2. Auflage als E-Book (inklusive der vollst\u00e4ndigen Partitur, Kastagnette &amp; Piano)<\/p>\r\n<p>\u00dcbrigens: dieser Notenband ist auch noch in der 1. Auflage als Print in diesem Shop erh\u00e4ltlich, au\u00dferdem gibt es Audioaufnahmen der B\u00e4nde Concert Castanets I &#8211; III.<\/p>\r\n<h3>Concert Castanets VI: Scott Joplin Ragtimes und Ragtime Waltz &#8211; E-Book:<\/h3>\r\n<p>9 Kastagnettenstimmen Solo und ein Kastagnettenduo &#8211; Niveau Mittelstufe bis Fortgeschrittene<\/p>\r\n<!-- \/wp:paragraph -->\r\n\r\n<!-- wp:image {\"id\":5994,\"width\":\"247px\",\"height\":\"auto\",\"aspectRatio\":\"0.7072135785007072\",\"sizeSlug\":\"full\",\"linkDestination\":\"none\",\"align\":\"right\",\"className\":\"is-style-default\"} -->\r\n<figure class=\"wp-block-image alignright size-full is-resized is-style-default\"><\/figure>\r\n<!-- \/wp:image -->\r\n\r\n<!-- wp:paragraph -->\r\n<p>Hier ein <strong>Auszug aus dem Vorwort<\/strong>: Auf der Suche nach geeigneter Musik f\u00fcr die \u00dcbungen zu Beginn meines Kastagnettenunterrichts habe ich die Musik von Scott Joplin entdeckt und lieben gelernt. Auch meinen Kursteilnehmern gefielen seine St\u00fccke sehr gut. Diese Musik inspirierte mich so sehr, dass immer mehr Kastagnetten-St\u00fccke zu seinen Werken entstanden. <br \/><br \/>Das Wort Ragtime leitet sich von &#8220;ragged time&#8221; ab, was sich auf die vielen Synkopen in den Melodien bezieht. Seine Bl\u00fctezeit erlebte der Ragtime zu Beginn des 20. Jahrhunderts in den USA, wo er nach dem Ersten Weltkrieg vom Jazz verdr\u00e4ngt wurde. Mit dem Welterfolg des Kinofilms &#8220;The Sting&#8221; von 1973, die stark von orchestrierten Versionen von Scott-Joplin-St\u00fccken wie &#8220;The Entertainer&#8221; und &#8220;Easy Winners&#8221; unterst\u00fctzt wurde, erfuhr er eine neue weltweite Popularit\u00e4t. Scott Joplin war nicht der Erfinder des Ragtime-Stils, aber er hat ihn perfektioniert \u2026.<\/p>\r\n<h3>Concert Castanets VII: Shostakovich T\u00e4nze der Puppen &#8211; E-Book:<\/h3>\r\n<p>7\u00a0 Kastagnettenstimmen Solo &#8211; Niveau ab guter Mittelstufe bis Fortgeschrittene<\/p>\r\n<p><!-- \/wp:paragraph -->\r\n\r\n<!-- wp:image {\"id\":5994,\"width\":\"247px\",\"height\":\"auto\",\"aspectRatio\":\"0.7072135785007072\",\"sizeSlug\":\"full\",\"linkDestination\":\"none\",\"align\":\"right\",\"className\":\"is-style-default\"} --><\/p>\r\n<figure class=\"wp-block-image alignright size-full is-resized is-style-default\"><\/figure>\r\n<p><!-- \/wp:image -->\r\n\r\n<!-- wp:paragraph --><\/p>\r\n<p>Hier ein <strong>Auszug aus dem Vorwort<\/strong>: Dmitri Dmitriyevich Shostakovich lebte von 1906 bis 1975, war Pianist und Klavierp\u00e4dagoge und neben Igor Strawinsky (1882-1971), Sergei Prokofiev (1891-1953), Sergei Rachmaninov (1873-1943) und Alexander Skrjabin (1872-1915) einer der bedeutendsten russischen Komponisten des 20. Jahrhunderts. Besonders bekannt sind seine Jazz-Suiten. <br \/>Diese bezaubernden 7 T\u00e4nze sind eine Folge von Miniaturen, die 1952 f\u00fcr junge Klaviersch\u00fcler geschrieben wurden. Urspr\u00fcnglich waren diese St\u00fccke bereits in Schostakowitschs verschiedenen Ballettsuiten enthalten. Nur das letzte St\u00fcck, der Tanz, wurde f\u00fcr diese Suite neu komponiert.<br \/>Auf der Suche nach neuen St\u00fccken f\u00fcr Konzertkastagnetten stie\u00df ich auf den Lyrischen Walzer, Nummer 1 dieser Suite, eine dieser wunderbaren Kompositionen.<\/p>\r\n<h3>Concert Castanets X: Konzertkastagnetten zu Musik von William Gillock &#8211; E-Book:<\/h3>\r\n<p>18 Kastagnettenstimmen &#8211; Niveau ab Anf\u00e4nger mit guten Vorkenntnissen bis Fortgeschrittene<\/p>\r\n<p>Hier ein <strong>Auszug aus dem Vorwort<\/strong>: William L. Gillock (1917-1993) war ein bemerkenswerter Musikp\u00e4dagoge, der mehr als 300 St\u00fccke f\u00fcr Klaviersch\u00fcler vom Anf\u00e4nger bis zum Fortgeschrittenen schrieb. Es sind ausdrucksstarke St\u00fccke mit wundersch\u00f6nen Melodien. Deshalb wird er manchmal auch &#8216;Schubert der Kinderkomponisten&#8217; genannt. Viele seiner St\u00fccke eignen sich hervorragend f\u00fcr das Studium der Konzertkastagnetten. <br \/>Dieser Band ist dem Studium und der Entwicklung der Carretillas mit beiden H\u00e4nden in unterschiedlichen rhythmischen Versionen gewidmet. Es gibt 1\/8 Carretillas, 1\/16 Carretillas, 1\/32 Carretillas, Quintolen mit 1\/8, 1\/16, 1\/32 Noten, fortlaufende Carretillas rechts-links, Triller und das Spiel mit der rechten Hand auf der linken Kastagnette und umgekehrt.<\/p>\r\n<p>F\u00fcr die Begleitmusik finden Sie Playlists in meinem <em><a title=\"\" href=\"https:\/\/www.youtube.com\/@amparodetriana\" target=\"_blank\" rel=\"noopener\">Youtube Account<\/a><\/em>.<\/p>\r\n<p>\u00dcbersetzung der englischen Texte ins Spanische und Deutsche auf Anfrage erh\u00e4ltlich.<\/p>\r\n<p><em>F\u00fcr die Autorisierung der E-Books bitte Namen und Vornamen angeben. Bitte beachten Sie bei der Bestellung, dass E-Books aus urheberrechtlichen Gr\u00fcnden nicht ausgedruckt werden k\u00f6nnen und sie d\u00fcrfen auch nicht kopiert werden.<\/em><\/p>","protected":false},"excerpt":{"rendered":"<p>Bundle: Concert Castanets M &#8211; E-Books Concert Castanets II, VI, VII und X<\/p>\n<p> <a class=\"more-link\" href=\"https:\/\/kastagnette.com\/shop\/produkt\/bundle-concert-castanets-m\/\">Weiterlesen<\/a><\/p>","protected":false},"featured_media":12907,"comment_status":"closed","ping_status":"closed","template":"","meta":[],"product_brand":[],"product_cat":[23,17],"product_tag":[80,24,19,20],"class_list":{"0":"post-12910","1":"product","2":"type-product","3":"status-publish","4":"has-post-thumbnail","6":"product_cat-e-book","7":"product_cat-noten","8":"product_tag-aktion","9":"product_tag-ebook","10":"product_tag-kastagnettennoten","11":"product_tag-noten","12":"pa_noten-ebook","14":"first","15":"instock","16":"sale","17":"virtual","18":"sold-individually","19":"purchasable","20":"product-type-simple"},"aioseo_notices":[],"_links":{"self":[{"href":"https:\/\/kastagnette.com\/shop\/wp-json\/wp\/v2\/product\/12910","targetHints":{"allow":["GET"]}}],"collection":[{"href":"https:\/\/kastagnette.com\/shop\/wp-json\/wp\/v2\/product"}],"about":[{"href":"https:\/\/kastagnette.com\/shop\/wp-json\/wp\/v2\/types\/product"}],"replies":[{"embeddable":true,"href":"https:\/\/kastagnette.com\/shop\/wp-json\/wp\/v2\/comments?post=12910"}],"wp:featuredmedia":[{"embeddable":true,"href":"https:\/\/kastagnette.com\/shop\/wp-json\/wp\/v2\/media\/12907"}],"wp:attachment":[{"href":"https:\/\/kastagnette.com\/shop\/wp-json\/wp\/v2\/media?parent=12910"}],"wp:term":[{"taxonomy":"product_brand","embeddable":true,"href":"https:\/\/kastagnette.com\/shop\/wp-json\/wp\/v2\/product_brand?post=12910"},{"taxonomy":"product_cat","embeddable":true,"href":"https:\/\/kastagnette.com\/shop\/wp-json\/wp\/v2\/product_cat?post=12910"},{"taxonomy":"product_tag","embeddable":true,"href":"https:\/\/kastagnette.com\/shop\/wp-json\/wp\/v2\/product_tag?post=12910"}],"curies":[{"name":"wp","href":"https:\/\/api.w.org\/{rel}","templated":true}]}}