{"id":63,"date":"2024-08-30T21:00:38","date_gmt":"2024-08-30T19:00:38","guid":{"rendered":"https:\/\/kastagnette.com\/shop\/?post_type=product&#038;p=63"},"modified":"2026-01-19T21:12:57","modified_gmt":"2026-01-19T20:12:57","slug":"concert-castanets-i","status":"publish","type":"product","link":"https:\/\/kastagnette.com\/shop\/produkt\/concert-castanets-i\/","title":{"rendered":"Concert Castanets I"},"content":{"rendered":"\r\n<h3 class=\"wp-block-heading\"><strong>Concert Castanets I:\u00a0<\/strong><\/h3>\r\n\r\n<p>&nbsp;<\/p>\r\n\r\n<p>2. Auflage des Notenbandes Konzertkastagnetten I als E-Book: Kastagnettenstimmen Solo f\u00fcr die 6 kleinen Pr\u00e4ludien von J.S. Bach &#8211; BWV 933 bis 938 &#8211; und eine zweistimmige Version f\u00fcr fortgeschrittene Kastagnettenspieler.<\/p>\r\n\r\n\r\n\r\n<p>Hier ein <strong>Auszug aus dem Vorwort<\/strong>: Nach vielen Jahren intensiver Besch\u00e4ftigung mit den Konzertkastagnetten ver\u00f6ffentliche ich hier den ersten Notenband der Reihe Konzertkastagnetten. Aus der Vielzahl an bereits von mir geschriebenen St\u00fccken habe ich f\u00fcr diese erste Ausgabe die 6 kleinen Pr\u00e4ludien f\u00fcr Anf\u00e4nger von Johann Sebastian Bach, BWV 933 bis 938 ausgesucht. Am Ende des Heftes finden Sie noch eine zweistimmige Version des Pr\u00e4ludiums in d-Moll BWV 935 als komplette Partitur, sowie die zwei Einzelstimmen. Die Kastagnettenstimmen dieser Pr\u00e4ludien sind f\u00fcr gute bis fortgeschrittene Kastagnettenspieler gedacht.<\/p>\r\n<p>2. Auflage als E-Book (inklusive der vollst\u00e4ndigen Partitur, Kastagnette &amp; Piano)<\/p>\r\n<p><em>F\u00fcr die Autorisierung des E-Books bitte Namen und Vornamen angeben. Bitte beachten Sie bei der Bestellung, dass E-Books aus urheberrechtlichen Gr\u00fcnden nicht ausgedruckt werden k\u00f6nnen und sie d\u00fcrfen auch nicht kopiert werden.<\/em><\/p>\r\n<p>\u00dcbrigens: die Notenb\u00e4nde sind auch noch in der 1. Auflage als Print in diesem Shop erh\u00e4ltlich, au\u00dferdem gibt es Audioaufnahmen der 3 B\u00e4nde. \u00dcbersetzung der englischen Texte ins Spanische und Deutsche auf Anfrage erh\u00e4ltlich.<\/p>\r\n<p>Die Partituren meiner zahlreichen Notenb\u00e4nde k\u00f6nnen \u2013 mit wenigen Ausnahmen \u2013 auch einzeln als PDF bestellt werden. Eine <em><a href=\"https:\/\/kastagnette.com\/shop\/wp-content\/uploads\/sites\/6\/2025\/07\/Titelliste_CC_I.pdf\" target=\"_blank\" rel=\"noopener\">Liste der Partituren dieses Notenbandes<\/a> <\/em>mit den jeweiligen Preisen finden Sie hier. Wenn Sie Interesse haben, schicken sie uns einfach <em><a href=\"https:\/\/kastagnette.com\/shop\/contact\/\" target=\"_blank\" rel=\"noopener\">eine E-Mail<\/a><\/em> mit der Angabe, welcher Titel aus diesem Notenband Sie interessiert.<\/p>\r\n","protected":false},"excerpt":{"rendered":"<p>Kastagnettenstimmen Solo f\u00fcr die 6 kleinen Pr\u00e4ludien von J.S. Bach &#8211; BWV 933 bis 938 &#8211; und eine zweistimmige Version f\u00fcr fortgeschrittene Kastagnettenspieler, als E-Book inklusive der vollst\u00e4ndigen Partitur: Kastagnette &amp; Piano<\/p>\n<p>37 Seiten<\/p>\n<p> <a class=\"more-link\" href=\"https:\/\/kastagnette.com\/shop\/produkt\/concert-castanets-i\/\">Weiterlesen<\/a><\/p>","protected":false},"featured_media":12418,"comment_status":"closed","ping_status":"closed","template":"","meta":[],"product_brand":[],"product_cat":[23,17],"product_tag":[24,19,20],"class_list":{"0":"post-63","1":"product","2":"type-product","3":"status-publish","4":"has-post-thumbnail","6":"product_cat-e-book","7":"product_cat-noten","8":"product_tag-ebook","9":"product_tag-kastagnettennoten","10":"product_tag-noten","11":"pa_noten-ebook","13":"first","14":"instock","15":"virtual","16":"sold-individually","17":"purchasable","18":"product-type-simple"},"aioseo_notices":[],"_links":{"self":[{"href":"https:\/\/kastagnette.com\/shop\/wp-json\/wp\/v2\/product\/63","targetHints":{"allow":["GET"]}}],"collection":[{"href":"https:\/\/kastagnette.com\/shop\/wp-json\/wp\/v2\/product"}],"about":[{"href":"https:\/\/kastagnette.com\/shop\/wp-json\/wp\/v2\/types\/product"}],"replies":[{"embeddable":true,"href":"https:\/\/kastagnette.com\/shop\/wp-json\/wp\/v2\/comments?post=63"}],"wp:featuredmedia":[{"embeddable":true,"href":"https:\/\/kastagnette.com\/shop\/wp-json\/wp\/v2\/media\/12418"}],"wp:attachment":[{"href":"https:\/\/kastagnette.com\/shop\/wp-json\/wp\/v2\/media?parent=63"}],"wp:term":[{"taxonomy":"product_brand","embeddable":true,"href":"https:\/\/kastagnette.com\/shop\/wp-json\/wp\/v2\/product_brand?post=63"},{"taxonomy":"product_cat","embeddable":true,"href":"https:\/\/kastagnette.com\/shop\/wp-json\/wp\/v2\/product_cat?post=63"},{"taxonomy":"product_tag","embeddable":true,"href":"https:\/\/kastagnette.com\/shop\/wp-json\/wp\/v2\/product_tag?post=63"}],"curies":[{"name":"wp","href":"https:\/\/api.w.org\/{rel}","templated":true}]}}