{"id":67,"date":"2024-06-12T21:00:39","date_gmt":"2024-06-12T19:00:39","guid":{"rendered":"https:\/\/kastagnette.com\/shop\/?post_type=product&#038;p=67"},"modified":"2026-01-19T21:12:04","modified_gmt":"2026-01-19T20:12:04","slug":"concert-castanets-ii","status":"publish","type":"product","link":"https:\/\/kastagnette.com\/shop\/produkt\/concert-castanets-ii\/","title":{"rendered":"Concert Castanets II"},"content":{"rendered":"\r\n<h3 class=\"wp-block-heading\"><strong>Concert Castanets II:<\/strong><\/h3>\r\n\r\n\r\n\r\n<p>10 Kastagnettenstimmen Solo f\u00fcr Kastagnettenspieler in verschiedenen Niveaus ab Anf\u00e4nger mit guten Vorkenntnissen bis Mittelstufe plus eine zweistimmige Version.<\/p>\r\n\r\n\r\n\r\n<p class=\"has-text-align-left\">Hier ein <strong>Auszug aus dem Vorwort<\/strong>: In diesem zweiten Notenband der Reihe Konzertkastagnetten gibt es St\u00fccke von Lully, Purcell, J.S. Bach, Ch. Petzold, H\u00e4ndel, L. Mozart, Beethoven und Burgm\u00fcller f\u00fcr Kastagnettenspieler in verschiedenen Niveaus ab Anf\u00e4nger mit guten Vorkenntnissen. Auch in diesem Heft finden Sie eine zweistimmige Kastagnettenpartitur, es sind die 6 Ecossaisen WoO 83 von Ludwig van Beethoven. Zun\u00e4chst die zwei Einzelstimmen und anschlie\u00dfend die komplette Kastagnettenpartitur.<\/p>\r\n<p class=\"has-text-align-left\">2. Auflage als E-Book (inklusive der vollst\u00e4ndigen Partitur, Kastagnette &amp; Piano)<\/p>\r\n<p><em>F\u00fcr die Autorisierung des E-Books bitte Namen und Vornamen angeben. Bitte beachten Sie bei der Bestellung, dass E-Books aus urheberrechtlichen Gr\u00fcnden nicht ausgedruckt werden k\u00f6nnen und sie d\u00fcrfen auch nicht kopiert werden.<\/em><\/p>\r\n<p>\u00dcbrigens: die Notenb\u00e4nde sind auch noch in der 1. Auflage als Print in diesem Shop erh\u00e4ltlich, au\u00dferdem gibt es Audioaufnahmen der 3 B\u00e4nde. \u00dcbersetzung der englischen Texte ins Spanische und Deutsche auf Anfrage erh\u00e4ltlich.<\/p>\r\n<p>Die Partituren meiner zahlreichen Notenb\u00e4nde k\u00f6nnen \u2013 mit wenigen Ausnahmen \u2013 auch einzeln als PDF bestellt werden. Eine <em><a href=\"https:\/\/kastagnette.com\/shop\/wp-content\/uploads\/sites\/6\/2025\/07\/Titelliste_CC_II.pdf\" target=\"_blank\" rel=\"noopener\">Liste der Partituren dieses Notenbandes <\/a><\/em>mit den jeweiligen Preisen finden Sie hier. Wenn Sie Interesse haben, schicken sie uns einfach <em><a href=\"https:\/\/kastagnette.com\/shop\/contact\/\" target=\"_blank\" rel=\"noopener\">eine E-Mail<\/a><\/em> mit der Angabe, welcher Titel aus diesem Notenband Sie interessiert.<\/p>\r\n","protected":false},"excerpt":{"rendered":"<p>10 Kastagnettenstimmen Solo f\u00fcr Kastagnettenspieler in verschiedenen Niveaus ab Anf\u00e4nger mit guten Vorkenntnissen bis Mittelstufe plus eine zweistimmige Version, als E-Book inklusive der vollst\u00e4ndigen Partitur: Kastagnette &amp; Piano<\/p>\n<p>63 Seiten<\/p>\n<p> <a class=\"more-link\" href=\"https:\/\/kastagnette.com\/shop\/produkt\/concert-castanets-ii\/\">Weiterlesen<\/a><\/p>","protected":false},"featured_media":12419,"comment_status":"closed","ping_status":"closed","template":"","meta":[],"product_brand":[],"product_cat":[23,17],"product_tag":[24,19,20],"class_list":{"0":"post-67","1":"product","2":"type-product","3":"status-publish","4":"has-post-thumbnail","6":"product_cat-e-book","7":"product_cat-noten","8":"product_tag-ebook","9":"product_tag-kastagnettennoten","10":"product_tag-noten","11":"pa_noten-ebook","13":"first","14":"instock","15":"virtual","16":"sold-individually","17":"purchasable","18":"product-type-simple"},"aioseo_notices":[],"_links":{"self":[{"href":"https:\/\/kastagnette.com\/shop\/wp-json\/wp\/v2\/product\/67","targetHints":{"allow":["GET"]}}],"collection":[{"href":"https:\/\/kastagnette.com\/shop\/wp-json\/wp\/v2\/product"}],"about":[{"href":"https:\/\/kastagnette.com\/shop\/wp-json\/wp\/v2\/types\/product"}],"replies":[{"embeddable":true,"href":"https:\/\/kastagnette.com\/shop\/wp-json\/wp\/v2\/comments?post=67"}],"wp:featuredmedia":[{"embeddable":true,"href":"https:\/\/kastagnette.com\/shop\/wp-json\/wp\/v2\/media\/12419"}],"wp:attachment":[{"href":"https:\/\/kastagnette.com\/shop\/wp-json\/wp\/v2\/media?parent=67"}],"wp:term":[{"taxonomy":"product_brand","embeddable":true,"href":"https:\/\/kastagnette.com\/shop\/wp-json\/wp\/v2\/product_brand?post=67"},{"taxonomy":"product_cat","embeddable":true,"href":"https:\/\/kastagnette.com\/shop\/wp-json\/wp\/v2\/product_cat?post=67"},{"taxonomy":"product_tag","embeddable":true,"href":"https:\/\/kastagnette.com\/shop\/wp-json\/wp\/v2\/product_tag?post=67"}],"curies":[{"name":"wp","href":"https:\/\/api.w.org\/{rel}","templated":true}]}}