{"id":68,"date":"2024-06-30T21:00:39","date_gmt":"2024-06-30T19:00:39","guid":{"rendered":"https:\/\/kastagnette.com\/shop\/?post_type=product&#038;p=68"},"modified":"2026-01-19T20:50:01","modified_gmt":"2026-01-19T19:50:01","slug":"audios-concert-castanets-ii","status":"publish","type":"product","link":"https:\/\/kastagnette.com\/shop\/produkt\/audios-concert-castanets-ii\/","title":{"rendered":"AUDIOS: Concert Castanets II"},"content":{"rendered":"<h3>Amparo de Triana spielt Werke von Lully bis Beethoven:<\/h3>\n<p>2017 habe ich mit der Herausgabe von Notenb\u00e4nden der Reihe Konzertkastagnetten begonnen. In diesem Album h\u00f6ren sie Werke von Burgm\u00fcller, L. Mozart, Purcell, Lully, J.S. Bach, Petzold, Beethoven und H\u00e4ndel. Am Ende dieses Bandes finden Sie eine zweistimmige Fassung der 6 Ecossaisen von Ludwig van Beethoven.<\/p>\n<p>Dieses Album enth\u00e4lt Tonaufnahmen aller St\u00fccke des Notenbands Konzertkastagnetten II, zun\u00e4chst Kastagnetten plus Piano, dann Piano solo und schlie\u00dflich von den zweistimmigen St\u00fccken auch Piano &amp; 1. Kastagnettenstimme und Piano &amp; 2. Kastagnettenstimme, f\u00fcr Kastagnettenspieler, die die Notenb\u00e4nde studieren und spielen wollen.<\/p>\n<p>Amparo de Triana Kastagnetten<br \/>\nYoshimi Ogawa Piano<br \/>\nKastagnetten Partituren: Amparo de Triana<\/p>\n<p><em>Erh\u00e4ltlich als MP3 Download oder als WAV-Dateien auf einem USB Stick per postalischem Versand.<\/em><\/p>\n<p>\u00dcbrigens: der Notenband dieser Kastagnettenpartituren ist als E-Book und Print in diesem Shop erh\u00e4ltlich.<\/p>\n","protected":false},"excerpt":{"rendered":"<p>Amparo de Triana spielt Werke von Lully bis Beethoven<\/p>\n<p>25 Musiktitel<\/p>\n<p> <a class=\"more-link\" href=\"https:\/\/kastagnette.com\/shop\/produkt\/audios-concert-castanets-ii\/\">Weiterlesen<\/a><\/p>","protected":false},"featured_media":106,"comment_status":"closed","ping_status":"closed","template":"","meta":[],"product_brand":[],"product_cat":[26,25,27],"product_tag":[28,29,30,31],"class_list":{"0":"post-68","1":"product","2":"type-product","3":"status-publish","4":"has-post-thumbnail","6":"product_cat-mp3-download","7":"product_cat-musik","8":"product_cat-usb-stick","9":"product_tag-audios","10":"product_tag-mp3","11":"product_tag-tonaufnahmen","12":"product_tag-usb","13":"pa_music-mp3","14":"pa_music-usb","16":"first","17":"instock","18":"shipping-taxable","19":"purchasable","20":"product-type-variable"},"aioseo_notices":[],"_links":{"self":[{"href":"https:\/\/kastagnette.com\/shop\/wp-json\/wp\/v2\/product\/68","targetHints":{"allow":["GET"]}}],"collection":[{"href":"https:\/\/kastagnette.com\/shop\/wp-json\/wp\/v2\/product"}],"about":[{"href":"https:\/\/kastagnette.com\/shop\/wp-json\/wp\/v2\/types\/product"}],"replies":[{"embeddable":true,"href":"https:\/\/kastagnette.com\/shop\/wp-json\/wp\/v2\/comments?post=68"}],"wp:featuredmedia":[{"embeddable":true,"href":"https:\/\/kastagnette.com\/shop\/wp-json\/wp\/v2\/media\/106"}],"wp:attachment":[{"href":"https:\/\/kastagnette.com\/shop\/wp-json\/wp\/v2\/media?parent=68"}],"wp:term":[{"taxonomy":"product_brand","embeddable":true,"href":"https:\/\/kastagnette.com\/shop\/wp-json\/wp\/v2\/product_brand?post=68"},{"taxonomy":"product_cat","embeddable":true,"href":"https:\/\/kastagnette.com\/shop\/wp-json\/wp\/v2\/product_cat?post=68"},{"taxonomy":"product_tag","embeddable":true,"href":"https:\/\/kastagnette.com\/shop\/wp-json\/wp\/v2\/product_tag?post=68"}],"curies":[{"name":"wp","href":"https:\/\/api.w.org\/{rel}","templated":true}]}}